{"id":9,"date":"2018-06-07T11:58:08","date_gmt":"2018-06-07T10:58:08","guid":{"rendered":"https:\/\/losimperdibles.es\/2018\/?page_id=9"},"modified":"2018-11-22T10:28:49","modified_gmt":"2018-11-22T10:28:49","slug":"informacion","status":"publish","type":"page","link":"https:\/\/losimperdibles.es\/2018\/informacion\/","title":{"rendered":"INFORMACI\u00d3N"},"content":{"rendered":"<p>[vc_row full_width=\u00bbstretch_row_content\u00bb bg_type=\u00bbbg_color\u00bb bg_override=\u00bbfull\u00bb bg_color_value=\u00bb#f2f2f2&#8243; css=\u00bb.vc_custom_1531919726808{margin-top: -90px !important;margin-bottom: 25px !important;padding-left: 40px !important;}\u00bb][vc_column width=\u00bb1\/2&#8243; offset=\u00bbvc_hidden-md vc_hidden-sm vc_hidden-xs\u00bb][vc_row_inner][vc_column_inner width=\u00bb1\/4&#8243;][vc_column_text]<\/p>\n<p style=\"text-align: left;\"><span style=\"font-family: bison-bold; font-size: 12.7pt;\">CON LA COLABORACI\u00d3N DE<\/span><\/p>\n<p>[\/vc_column_text][\/vc_column_inner][vc_column_inner width=\u00bb1\/6&#8243;][vc_single_image image=\u00bb794&#8243; img_size=\u00bbfull\u00bb][\/vc_column_inner][vc_column_inner width=\u00bb1\/4&#8243;][\/vc_column_inner][vc_column_inner width=\u00bb1\/3&#8243;][\/vc_column_inner][\/vc_row_inner][\/vc_column][vc_column width=\u00bb1\/2&#8243;][\/vc_column][\/vc_row][vc_row full_width=\u00bbstretch_row_content\u00bb css_animation=\u00bbnone\u00bb bg_type=\u00bbbg_color\u00bb enable_overlay=\u00bbenable_overlay_value\u00bb overlay_color=\u00bbrgba(242,242,242,0.01)\u00bb overlay_pattern=\u00bbtransperant\u00bb seperator_enable=\u00bbseperator_enable_value\u00bb seperator_type=\u00bbtilt_left_seperator\u00bb seperator_svg_height=\u00bb30&#8243; seperator_shape_background=\u00bb#f2f2f2&#8243; css=\u00bb.vc_custom_1531920569601{margin-top: -60px !important;background-image: url(https:\/\/losimperdibles.es\/2018\/wp-content\/uploads\/2018\/06\/madrid1-e1529664807680.jpg?id=78) !important;background-position: center !important;background-repeat: no-repeat !important;background-size: cover !important;}\u00bb][vc_column]<div class=\"ult-spacer spacer-6a038ec679ecf\" data-id=\"6a038ec679ecf\" data-height=\"210\" data-height-mobile=\"80\" data-height-tab=\"130\" data-height-tab-portrait=\"100\" data-height-mobile-landscape=\"90\" style=\"clear:both;display:block;\"><\/div>[vc_row_inner content_placement=\u00bbmiddle\u00bb css=\u00bb.vc_custom_1530005358525{margin-right: -12.5% !important;margin-left: -12.5% !important;padding-right: 2% !important;padding-left: 2% !important;background-color: #53c4cf !important;background-position: center !important;background-repeat: no-repeat !important;background-size: cover !important;}\u00bb el_class=\u00bbFONDO\u00bb][vc_column_inner css=\u00bb.vc_custom_1530005477153{padding-right: 5% !important;padding-left: 5% !important;}\u00bb][vc_empty_space height=\u00bb25px\u00bb]<div id=\"ultimate-heading-47416a038ec679f26\" class=\"uvc-heading ult-adjust-bottom-margin ultimate-heading-47416a038ec679f26 uvc-5137 azul\" data-hspacer=\"no_spacer\"  data-halign=\"center\" style=\"text-align:center\"><div class=\"uvc-heading-spacer no_spacer\" style=\"top\"><\/div><div class=\"uvc-sub-heading ult-responsive\"  data-ultimate-target='.uvc-heading.ultimate-heading-47416a038ec679f26 .uvc-sub-heading '  data-responsive-json-new='{\"font-size\":\"desktop:90px;tablet:56px;tablet_portrait:50px;mobile_landscape:45px;mobile:35px;\",\"line-height\":\"desktop:78px;tablet:45px;tablet_portrait:45px;mobile_landscape:40px;mobile:28px;\"}'  style=\"font-weight:bold;color:#ffffff;\"><span style=\"font-family: bison-bold;\">#IMPERDIBLE_03,<\/span><\/div><\/div><div id=\"ultimate-heading-33006a038ec679f60\" class=\"uvc-heading ult-adjust-bottom-margin ultimate-heading-33006a038ec679f60 uvc-5281 azul\" data-hspacer=\"no_spacer\"  data-halign=\"center\" style=\"text-align:center\"><div class=\"uvc-heading-spacer no_spacer\" style=\"top\"><\/div><div class=\"uvc-sub-heading ult-responsive\"  data-ultimate-target='.uvc-heading.ultimate-heading-33006a038ec679f60 .uvc-sub-heading '  data-responsive-json-new='{\"font-size\":\"desktop:40px;tablet:37px;tablet_portrait:36px;mobile_landscape:34px;mobile:28px;\",\"line-height\":\"tablet:35px;tablet_portrait:34px;mobile_landscape:33px;mobile:25px;\"}'  style=\"font-weight:bold;color:#ffffff;\"><span style=\"font-family: bison-bold;\">UNA OPORTUNIDAD PARA ASOMARNOS AL FUTURO DE LAS CIUDADES<\/span><\/div><\/div>[vc_empty_space height=\u00bb52px\u00bb][\/vc_column_inner][\/vc_row_inner]<div class=\"ult-spacer spacer-6a038ec679f83\" data-id=\"6a038ec679f83\" data-height=\"210\" data-height-mobile=\"80\" data-height-tab=\"130\" data-height-tab-portrait=\"100\" data-height-mobile-landscape=\"90\" style=\"clear:both;display:block;\"><\/div>[\/vc_column][\/vc_row][vc_row css_animation=\u00bbnone\u00bb bg_type=\u00bbimage\u00bb parallax_style=\u00bbvcpb-default\u00bb bg_image_new=\u00bbid^84|url^https:\/\/losimperdibles.es\/2018\/wp-content\/uploads\/2018\/06\/Fondo-web-1-e1530005833216.jpg|caption^null|alt^null|title^Fondo web|description^null\u00bb bg_override=\u00bbfull\u00bb enable_overlay=\u00bbenable_overlay_value\u00bb overlay_color=\u00bbrgba(242,242,242,0.01)\u00bb overlay_pattern=\u00bbtransperant\u00bb seperator_enable=\u00bbseperator_enable_value\u00bb seperator_type=\u00bbtilt_left_seperator\u00bb seperator_position=\u00bbbottom_seperator\u00bb seperator_svg_height=\u00bb50&#8243; seperator_shape_background=\u00bb#ffffff\u00bb css=\u00bb.vc_custom_1530255486575{margin-top: -70px !important;}\u00bb][vc_column][vc_empty_space]<div id=\"ultimate-heading-97976a038ec679fbc\" class=\"uvc-heading ult-adjust-bottom-margin ultimate-heading-97976a038ec679fbc uvc-1875 \" data-hspacer=\"no_spacer\"  data-halign=\"center\" style=\"text-align:center\"><div class=\"uvc-heading-spacer no_spacer\" style=\"top\"><\/div><div class=\"uvc-sub-heading ult-responsive\"  data-ultimate-target='.uvc-heading.ultimate-heading-97976a038ec679fbc .uvc-sub-heading '  data-responsive-json-new='{\"font-size\":\"desktop:42px;tablet:38px;tablet_portrait:35px;mobile_landscape:34px;mobile:28px;\",\"line-height\":\"tablet:36px;tablet_portrait:34px;mobile_landscape:32px;mobile:25px;\"}'  style=\"font-weight:bold;color:#000000;\"><span style=\"font-family: bison-bold;\">#Imperdible_03 constituye la tercera entrega de los eventos insignia de la Fundaci\u00f3n Cotec. Una experiencia coleccionable, \u00fanica e irrepetible en torno a la innovaci\u00f3n que este a\u00f1o abordar\u00e1 el futuro de las ciudades.<\/span><\/div><\/div>[vc_empty_space]<div id=\"ultimate-heading-67006a038ec679fe4\" class=\"uvc-heading ult-adjust-bottom-margin ultimate-heading-67006a038ec679fe4 uvc-7367 \" data-hspacer=\"no_spacer\"  data-halign=\"center\" style=\"text-align:center\"><div class=\"uvc-heading-spacer no_spacer\" style=\"top\"><\/div><div class=\"uvc-sub-heading ult-responsive\"  data-ultimate-target='.uvc-heading.ultimate-heading-67006a038ec679fe4 .uvc-sub-heading '  data-responsive-json-new='{\"font-size\":\"desktop:37px;tablet:33px;tablet_portrait:30px;mobile_landscape:26px;mobile:22px;\",\"line-height\":\"tablet:33px;tablet_portrait:25px;mobile_landscape:24px;mobile:20px;\"}'  style=\"font-weight:bold;color:#53c4cf;\"><span style=\"font-family: bison-bold;\">ESTE FeSTIVAL SOBRE INNOVACI\u00d3N, QUE CADA A\u00d1O CAMBIA DE TEMA, DE SEDE Y DE ALIADOS SE CELEBRAR\u00c1 EN 2018, LOS DIAS 23 Y 24 DE NOVIEMBRE EN EL FERN\u00c1N G\u00d3MEZ CENTRO CULTURAL DE LA VILLA Y LA PLAZA DE COL\u00d3N DE MADRID.<\/span><\/div><\/div><div class=\"ult-spacer spacer-6a038ec67a001\" data-id=\"6a038ec67a001\" data-height=\"90\" data-height-mobile=\"60\" data-height-tab=\"80\" data-height-tab-portrait=\"75\" data-height-mobile-landscape=\"70\" style=\"clear:both;display:block;\"><\/div>[\/vc_column][\/vc_row][vc_row bg_type=\u00bbbg_color\u00bb bg_override=\u00bbfull\u00bb css=\u00bb.vc_custom_1530255547280{margin-bottom: -70px !important;}\u00bb bg_color_value=\u00bb#ffffff\u00bb][vc_column][vc_empty_space][vc_column_text]<span style=\"font-size: 13pt;\"><strong>#Imperdible_03<\/strong> cuenta con la colaboraci\u00f3n del Ayuntamiento de Madrid. Cotec dar\u00e1 visibilidad a iniciativas que est\u00e1n dando respuesta a grandes desaf\u00edos de los n\u00facleos urbanos con el fin de ser m\u00e1s eficientes y sostenibles mejorando la calidad de vida de sus habitantes.<\/span><\/p>\n<p><span style=\"font-size: 13pt;\"><strong>#Imperdible_03<\/strong> analizar\u00e1 los principales retos a los que se enfrentan las ciudades desde cuatro perspectivas:<\/span>[\/vc_column_text][vc_row_inner content_placement=\u00bbtop\u00bb gap=\u00bb30&#8243;][vc_column_inner width=\u00bb1\/4&#8243;][vc_single_image image=\u00bb90&#8243; img_size=\u00bbfull\u00bb alignment=\u00bbcenter\u00bb css=\u00bb.vc_custom_1530010234664{background-position: center !important;background-repeat: no-repeat !important;background-size: cover !important;}\u00bb][vc_column_text css=\u00bb.vc_custom_1530019982924{margin-top: -35px !important;padding-top: 43px !important;padding-right: 7% !important;padding-bottom: 21% !important;padding-left: 7% !important;background-color: #53c4cf !important;background-position: center !important;background-repeat: no-repeat !important;background-size: cover !important;}\u00bb]<span style=\"color: #ffffff;\">La <strong>movilidad y sostenibilidad<\/strong> como focos para mejorar los problemas de la gesti\u00f3n del tr\u00e1fico y la contaminaci\u00f3n.<\/span>[\/vc_column_text][\/vc_column_inner][vc_column_inner width=\u00bb1\/4&#8243;][vc_single_image image=\u00bb91&#8243; img_size=\u00bbfull\u00bb alignment=\u00bbcenter\u00bb css=\u00bb.vc_custom_1530010334109{background-position: center !important;background-repeat: no-repeat !important;background-size: cover !important;}\u00bb][vc_column_text css=\u00bb.vc_custom_1530020007228{margin-top: -35px !important;padding-top: 43px !important;padding-right: 7% !important;padding-bottom: 11% !important;padding-left: 7% !important;background-color: #aac83d !important;background-position: center !important;background-repeat: no-repeat !important;background-size: cover !important;}\u00bb]<span style=\"color: #ffffff;\">El <strong>urbanismo y la vivienda<\/strong>, a trav\u00e9s de la utilizaci\u00f3n de materiales sostenibles y nuevos sistemas de alumbrado.<\/span>[\/vc_column_text][\/vc_column_inner][vc_column_inner width=\u00bb1\/4&#8243;][vc_single_image image=\u00bb92&#8243; img_size=\u00bbfull\u00bb alignment=\u00bbcenter\u00bb][vc_column_text css=\u00bb.vc_custom_1530019944135{margin-top: -35px !important;padding-top: 43px !important;padding-right: 7% !important;padding-bottom: 31.2% !important;padding-left: 7% !important;background-color: #eeee22 !important;background-position: center !important;background-repeat: no-repeat !important;background-size: cover !important;}\u00bb]<span style=\"color: #000000;\">La <strong>inclusi\u00f3n y la convivencia<\/strong>, facilitando el acceso a todos los ciudadanos.<\/span>[\/vc_column_text][\/vc_column_inner][vc_column_inner width=\u00bb1\/4&#8243;][vc_single_image image=\u00bb93&#8243; img_size=\u00bbfull\u00bb alignment=\u00bbcenter\u00bb css=\u00bb.vc_custom_1530010443295{background-position: center !important;background-repeat: no-repeat !important;background-size: cover !important;}\u00bb][vc_column_text css=\u00bb.vc_custom_1530019934802{margin-top: -35px !important;padding-top: 43px !important;padding-right: 7% !important;padding-bottom: 10% !important;padding-left: 7% !important;background-color: #3a76c4 !important;background-position: center !important;background-repeat: no-repeat !important;background-size: cover !important;}\u00bb]<span style=\"color: #ffffff;\">El <strong>liderazgo, las pol\u00edticas p\u00fablicas y la participaci\u00f3n ciudadana<\/strong> como pieza clave para que todo lo anterior sea posible.<\/span>[\/vc_column_text][\/vc_column_inner][\/vc_row_inner][vc_empty_space height=\u00bb50px\u00bb]<div id=\"ultimate-heading-26116a038ec67a01a\" class=\"uvc-heading ult-adjust-bottom-margin ultimate-heading-26116a038ec67a01a uvc-1934 \" data-hspacer=\"no_spacer\"  data-halign=\"center\" style=\"text-align:center\"><div class=\"uvc-heading-spacer no_spacer\" style=\"top\"><\/div><div class=\"uvc-sub-heading ult-responsive\"  data-ultimate-target='.uvc-heading.ultimate-heading-26116a038ec67a01a .uvc-sub-heading '  data-responsive-json-new='{\"font-size\":\"desktop:35px;tablet:33px;tablet_portrait:30px;mobile_landscape:26px;mobile:22px;\",\"line-height\":\"tablet:33px;tablet_portrait:25px;mobile_landscape:24px;mobile:20px;\"}'  style=\"font-weight:bold;color:#000000;\"><span style=\"font-family: bison-bold;\">Los Imperdibles tienen como objetivo abrir la puerta de la <span style=\"color: #53c4cf;\">innovaci\u00f3n<\/span> a todos los p\u00fablicos a trav\u00e9s de experiencias que les provoquen emociones.<\/span><\/div><\/div>[vc_empty_space height=\u00bb82px\u00bb][\/vc_column][\/vc_row][vc_row css_animation=\u00bbnone\u00bb bg_type=\u00bbimage\u00bb parallax_style=\u00bbvcpb-default\u00bb bg_image_repeat=\u00bbno-repeat\u00bb bg_override=\u00bbfull\u00bb enable_overlay=\u00bbenable_overlay_value\u00bb overlay_color=\u00bbrgba(242,242,242,0.01)\u00bb overlay_pattern=\u00bbtransperant\u00bb seperator_enable=\u00bbseperator_enable_value\u00bb seperator_type=\u00bbtilt_right_seperator\u00bb seperator_svg_height=\u00bb50&#8243; seperator_shape_background=\u00bb#ffffff\u00bb css=\u00bb.vc_custom_1530255620548{margin-top: -70px !important;background-image: url(https:\/\/losimperdibles.es\/2018\/wp-content\/uploads\/2018\/06\/Fondo-web-1-e1530005833216.jpg?id=84) !important;background-position: center !important;background-repeat: no-repeat !important;background-size: cover !important;}\u00bb][vc_column][vc_empty_space][vc_column_text css=\u00bb.vc_custom_1530020485818{margin-bottom: -3px !important;}\u00bb]<span style=\"font-family: bison-bold; font-size: 36pt; color: #53c4cf;\">IMPERDIBLE_02<\/span>[\/vc_column_text][vc_separator color=\u00bbcustom\u00bb border_width=\u00bb3&#8243; accent_color=\u00bb#53c4cf\u00bb][vc_row_inner content_placement=\u00bbbottom\u00bb][vc_column_inner width=\u00bb2\/3&#8243;][vc_video link=\u00bbhttps:\/\/www.youtube.com\/watch?v=L-CVBTLj8mA\u00bb align=\u00bbcenter\u00bb][\/vc_column_inner][vc_column_inner width=\u00bb1\/3&#8243;][vc_column_text]<span style=\"font-size: 13pt;\">#Imperdible_02 trat\u00f3 la innovaci\u00f3n en el mundo del f\u00fatbol. Fue uno de los \u00faltimos eventos que tuvo lugar en el Estadio Vicente Calder\u00f3n y acogi\u00f3 m\u00e1s de 30 actividades relacionadas con este deporte. El objetivo de la Fundaci\u00f3n Cotec fue mostrar c\u00f3mo el f\u00fatbol, a trav\u00e9s de la innovaci\u00f3n, se convierten un motor de desarrollo econ\u00f3mico y social.<\/span>[\/vc_column_text][\/vc_column_inner][\/vc_row_inner][vc_empty_space][vc_column_text css=\u00bb.vc_custom_1530020797848{margin-bottom: -3px !important;}\u00bb]<span style=\"font-family: bison-bold; font-size: 36pt; color: #53c4cf;\">IMPERDIBLE_01<\/span>[\/vc_column_text][vc_separator color=\u00bbcustom\u00bb border_width=\u00bb3&#8243; accent_color=\u00bb#53c4cf\u00bb][vc_row_inner content_placement=\u00bbbottom\u00bb][vc_column_inner width=\u00bb1\/3&#8243;][vc_column_text]<span style=\"font-size: 13pt;\">La idea de estos eventos especiales, irrepetibles y coleccionables naci\u00f3 en 2016 con una primera entrega dedicada a la m\u00fasica, la tecnolog\u00eda, la creatividad, la experimentaci\u00f3n y el arte. #Imperdible_01 cont\u00f3 con la colaboraci\u00f3n de S\u00f3nar+D y el Ayuntamiento de Madrid. Se celebr\u00f3 en La N@ve (antigua f\u00e1brica Boetticher), en el distrito de Villaverde (Madrid).<\/span>[\/vc_column_text][\/vc_column_inner][vc_column_inner width=\u00bb2\/3&#8243;][vc_video link=\u00bbhttps:\/\/www.youtube.com\/watch?v=3NAN-Sul2JM\u00bb][\/vc_column_inner][\/vc_row_inner][vc_empty_space height=\u00bb63px\u00bb][vc_column_text css=\u00bb.vc_custom_1529663772489{margin-bottom: -5px !important;}\u00bb]<\/p>\n<p style=\"text-align: left;\"><span style=\"font-family: bison-bold; font-size: 20pt; color: #000000;\">CON LA COLAbORACI\u00d3N DE<\/span><\/p>\n<p>[\/vc_column_text][vc_separator color=\u00bbcustom\u00bb align=\u00bbalign_left\u00bb accent_color=\u00bb#000000&#8243;][vc_single_image image=\u00bb792&#8243; img_size=\u00bbmedium\u00bb][vc_empty_space][\/vc_column][\/vc_row]<\/p>\n","protected":false},"excerpt":{"rendered":"<p>[vc_row full_width=\u00bbstretch_row_content\u00bb bg_type=\u00bbbg_color\u00bb bg_override=\u00bbfull\u00bb bg_color_value=\u00bb#f2f2f2&#8243; css=\u00bb.vc_custom_1531919726808{margin-top: -90px !important;margin-bottom: 25px !important;padding-left: 40px !important;}\u00bb][vc_column width=\u00bb1\/2&#8243; offset=\u00bbvc_hidden-md vc_hidden-sm vc_hidden-xs\u00bb][vc_row_inner][vc_column_inner width=\u00bb1\/4&#8243;][vc_column_text] CON LA COLABORACI\u00d3N DE [\/vc_column_text][\/vc_column_inner][vc_column_inner width=\u00bb1\/6&#8243;][vc_single_image image=\u00bb794&#8243; img_size=\u00bbfull\u00bb][\/vc_column_inner][vc_column_inner width=\u00bb1\/4&#8243;][\/vc_column_inner][vc_column_inner width=\u00bb1\/3&#8243;][\/vc_column_inner][\/vc_row_inner][\/vc_column][vc_column width=\u00bb1\/2&#8243;][\/vc_column][\/vc_row][vc_row full_width=\u00bbstretch_row_content\u00bb css_animation=\u00bbnone\u00bb bg_type=\u00bbbg_color\u00bb enable_overlay=\u00bbenable_overlay_value\u00bb overlay_color=\u00bbrgba(242,242,242,0.01)\u00bb overlay_pattern=\u00bbtransperant\u00bb seperator_enable=\u00bbseperator_enable_value\u00bb seperator_type=\u00bbtilt_left_seperator\u00bb seperator_svg_height=\u00bb30&#8243; seperator_shape_background=\u00bb#f2f2f2&#8243; css=\u00bb.vc_custom_1531920569601{margin-top: -60px !important;background-image: url(https:\/\/losimperdibles.es\/2018\/wp-content\/uploads\/2018\/06\/madrid1-e1529664807680.jpg?id=78) !important;background-position: center !important;background-repeat: no-repeat !important;background-size: cover !important;}\u00bb][vc_column][vc_row_inner content_placement=\u00bbmiddle\u00bb css=\u00bb.vc_custom_1530005358525{margin-right: -12.5% !important;margin-left: -12.5% !important;padding-right:&hellip;<\/p>\n","protected":false},"author":1,"featured_media":0,"parent":0,"menu_order":0,"comment_status":"closed","ping_status":"closed","template":"","meta":[],"yoast_head":"<!-- This site is optimized with the Yoast SEO plugin v18.6 - https:\/\/yoast.com\/wordpress\/plugins\/seo\/ -->\n<title>INFORMACI\u00d3N - Los Imperdibles<\/title>\n<meta name=\"description\" content=\"#Imperdible_03 constituye la tercera entrega de los eventos insignia de la Fundaci\u00f3n Cotec.\" \/>\n<meta name=\"robots\" content=\"index, follow, max-snippet:-1, max-image-preview:large, max-video-preview:-1\" \/>\n<link rel=\"canonical\" href=\"https:\/\/losimperdibles.es\/2018\/informacion\/\" \/>\n<meta property=\"og:locale\" content=\"es_ES\" \/>\n<meta property=\"og:type\" content=\"article\" \/>\n<meta property=\"og:title\" content=\"INFORMACI\u00d3N - Los Imperdibles\" \/>\n<meta property=\"og:description\" content=\"#Imperdible_03 constituye la tercera entrega de los eventos insignia de la Fundaci\u00f3n Cotec.\" \/>\n<meta property=\"og:url\" content=\"https:\/\/losimperdibles.es\/2018\/informacion\/\" \/>\n<meta property=\"og:site_name\" content=\"Los Imperdibles\" \/>\n<meta property=\"article:modified_time\" content=\"2018-11-22T10:28:49+00:00\" \/>\n<meta name=\"twitter:card\" content=\"summary_large_image\" \/>\n<meta name=\"twitter:label1\" content=\"Tiempo de lectura\" \/>\n\t<meta name=\"twitter:data1\" content=\"9 minutos\" \/>\n<script type=\"application\/ld+json\" class=\"yoast-schema-graph\">{\"@context\":\"https:\/\/schema.org\",\"@graph\":[{\"@type\":\"WebSite\",\"@id\":\"https:\/\/losimperdibles.es\/2018\/#website\",\"url\":\"https:\/\/losimperdibles.es\/2018\/\",\"name\":\"Los Imperdibles\",\"description\":\"\",\"potentialAction\":[{\"@type\":\"SearchAction\",\"target\":{\"@type\":\"EntryPoint\",\"urlTemplate\":\"https:\/\/losimperdibles.es\/2018\/?s={search_term_string}\"},\"query-input\":\"required name=search_term_string\"}],\"inLanguage\":\"es\"},{\"@type\":\"WebPage\",\"@id\":\"https:\/\/losimperdibles.es\/2018\/informacion\/#webpage\",\"url\":\"https:\/\/losimperdibles.es\/2018\/informacion\/\",\"name\":\"INFORMACI\u00d3N - Los Imperdibles\",\"isPartOf\":{\"@id\":\"https:\/\/losimperdibles.es\/2018\/#website\"},\"datePublished\":\"2018-06-07T10:58:08+00:00\",\"dateModified\":\"2018-11-22T10:28:49+00:00\",\"description\":\"#Imperdible_03 constituye la tercera entrega de los eventos insignia de la Fundaci\u00f3n Cotec.\",\"breadcrumb\":{\"@id\":\"https:\/\/losimperdibles.es\/2018\/informacion\/#breadcrumb\"},\"inLanguage\":\"es\",\"potentialAction\":[{\"@type\":\"ReadAction\",\"target\":[\"https:\/\/losimperdibles.es\/2018\/informacion\/\"]}]},{\"@type\":\"BreadcrumbList\",\"@id\":\"https:\/\/losimperdibles.es\/2018\/informacion\/#breadcrumb\",\"itemListElement\":[{\"@type\":\"ListItem\",\"position\":1,\"name\":\"Portada\",\"item\":\"https:\/\/losimperdibles.es\/2018\/\"},{\"@type\":\"ListItem\",\"position\":2,\"name\":\"INFORMACI\u00d3N\"}]}]}<\/script>\n<!-- \/ Yoast SEO plugin. -->","yoast_head_json":{"title":"INFORMACI\u00d3N - Los Imperdibles","description":"#Imperdible_03 constituye la tercera entrega de los eventos insignia de la Fundaci\u00f3n Cotec.","robots":{"index":"index","follow":"follow","max-snippet":"max-snippet:-1","max-image-preview":"max-image-preview:large","max-video-preview":"max-video-preview:-1"},"canonical":"https:\/\/losimperdibles.es\/2018\/informacion\/","og_locale":"es_ES","og_type":"article","og_title":"INFORMACI\u00d3N - Los Imperdibles","og_description":"#Imperdible_03 constituye la tercera entrega de los eventos insignia de la Fundaci\u00f3n Cotec.","og_url":"https:\/\/losimperdibles.es\/2018\/informacion\/","og_site_name":"Los Imperdibles","article_modified_time":"2018-11-22T10:28:49+00:00","twitter_card":"summary_large_image","twitter_misc":{"Tiempo de lectura":"9 minutos"},"schema":{"@context":"https:\/\/schema.org","@graph":[{"@type":"WebSite","@id":"https:\/\/losimperdibles.es\/2018\/#website","url":"https:\/\/losimperdibles.es\/2018\/","name":"Los Imperdibles","description":"","potentialAction":[{"@type":"SearchAction","target":{"@type":"EntryPoint","urlTemplate":"https:\/\/losimperdibles.es\/2018\/?s={search_term_string}"},"query-input":"required name=search_term_string"}],"inLanguage":"es"},{"@type":"WebPage","@id":"https:\/\/losimperdibles.es\/2018\/informacion\/#webpage","url":"https:\/\/losimperdibles.es\/2018\/informacion\/","name":"INFORMACI\u00d3N - Los Imperdibles","isPartOf":{"@id":"https:\/\/losimperdibles.es\/2018\/#website"},"datePublished":"2018-06-07T10:58:08+00:00","dateModified":"2018-11-22T10:28:49+00:00","description":"#Imperdible_03 constituye la tercera entrega de los eventos insignia de la Fundaci\u00f3n Cotec.","breadcrumb":{"@id":"https:\/\/losimperdibles.es\/2018\/informacion\/#breadcrumb"},"inLanguage":"es","potentialAction":[{"@type":"ReadAction","target":["https:\/\/losimperdibles.es\/2018\/informacion\/"]}]},{"@type":"BreadcrumbList","@id":"https:\/\/losimperdibles.es\/2018\/informacion\/#breadcrumb","itemListElement":[{"@type":"ListItem","position":1,"name":"Portada","item":"https:\/\/losimperdibles.es\/2018\/"},{"@type":"ListItem","position":2,"name":"INFORMACI\u00d3N"}]}]}},"_links":{"self":[{"href":"https:\/\/losimperdibles.es\/2018\/wp-json\/wp\/v2\/pages\/9"}],"collection":[{"href":"https:\/\/losimperdibles.es\/2018\/wp-json\/wp\/v2\/pages"}],"about":[{"href":"https:\/\/losimperdibles.es\/2018\/wp-json\/wp\/v2\/types\/page"}],"author":[{"embeddable":true,"href":"https:\/\/losimperdibles.es\/2018\/wp-json\/wp\/v2\/users\/1"}],"replies":[{"embeddable":true,"href":"https:\/\/losimperdibles.es\/2018\/wp-json\/wp\/v2\/comments?post=9"}],"version-history":[{"count":31,"href":"https:\/\/losimperdibles.es\/2018\/wp-json\/wp\/v2\/pages\/9\/revisions"}],"predecessor-version":[{"id":1839,"href":"https:\/\/losimperdibles.es\/2018\/wp-json\/wp\/v2\/pages\/9\/revisions\/1839"}],"wp:attachment":[{"href":"https:\/\/losimperdibles.es\/2018\/wp-json\/wp\/v2\/media?parent=9"}],"curies":[{"name":"wp","href":"https:\/\/api.w.org\/{rel}","templated":true}]}}